{"id":77,"date":"2015-06-03T15:44:11","date_gmt":"2015-06-03T14:44:11","guid":{"rendered":"http:\/\/chemin-fer-baie-saint-brieuc.fr\/wordpress\/?page_id=77"},"modified":"2015-06-03T15:44:11","modified_gmt":"2015-06-03T14:44:11","slug":"la-briqueterie","status":"publish","type":"page","link":"https:\/\/chemin-fer-baie-saint-brieuc.fr\/wordpress\/la-briqueterie\/","title":{"rendered":"La Briqueterie"},"content":{"rendered":"<p>Le site de Boutdeville accueille le mus\u00e9e \u00ab\u00a0La Briqueterie\u00a0\u00bb consacr\u00e9 \u00e0 l&rsquo;histoire de la Baie de Saint-Brieuc autour des th\u00e8mes de la briqueterie, du mara\u00eechage et du train d\u00e9partemental. Les visiteurs peuvent y d\u00e9couvrir l&rsquo;histoire du r\u00e9seau \u00e0 travers de nombreux panneaux explicatifs, d&rsquo;objets, de films, de maquettes en HOm (1\/87\u00e8me) et d&rsquo;un r\u00e9seau en IIm (1\/22,5\u00e8me).<\/p>\n<p>Ce mus\u00e9e cr\u00e9\u00e9 par la CABRI (Communaut\u00e9 d&rsquo;Agglom\u00e9ration Briochine) en partenariat avec l&rsquo;Association des Chemins de Fer des C\u00f4tes-du-Nord pr\u00e9sente une belle collection de documents, objets ou les maquettes ferroviaires sur l&rsquo;histoire du r\u00e9seau d\u00e9partemental.<\/p>\n<p>L&rsquo;ACFCdN poss\u00e8de \u00e9galement un petit mus\u00e9e dans son atelier de restauration. Des objets, des reproductions de cartes postales et du mat\u00e9riel ferroviaire sont pr\u00e9sent\u00e9s au public. L&rsquo;acc\u00e8s est gratuit aux heures d&rsquo;ouverture du site (<a href=\"http:\/\/chemin-fer-baie-saint-brieuc.fr\/index.php?view=article&amp;id=43\">voir horaires des circulations<\/a>).<\/p>\n<p>Le mus\u00e9e \u00ab\u00a0La Briqueterie\u00a0\u00bb est ouvert de 10h \u00e0 18h 30 de juillet \u00e0 septembre et de 14h 30 \u00e0 18h du vendredi au dimanche d&rsquo;octobre \u00e0 juin.<\/p>\n","protected":false},"excerpt":{"rendered":"<p>Le site de Boutdeville accueille le mus\u00e9e \u00ab\u00a0La Briqueterie\u00a0\u00bb consacr\u00e9 \u00e0 l&rsquo;histoire de la Baie de Saint-Brieuc autour des th\u00e8mes de la briqueterie, du mara\u00eechage et du train d\u00e9partemental. Les visiteurs peuvent y d\u00e9couvrir l&rsquo;histoire du r\u00e9seau \u00e0 travers de nombreux panneaux explicatifs, d&rsquo;objets, de films, de maquettes en HOm (1\/87\u00e8me) et d&rsquo;un r\u00e9seau en <a class=\"more-link\" href=\"https:\/\/chemin-fer-baie-saint-brieuc.fr\/wordpress\/la-briqueterie\/\">Lire plus &#8230;<\/a><\/p>\n","protected":false},"author":1,"featured_media":0,"parent":0,"menu_order":0,"comment_status":"closed","ping_status":"open","template":"","meta":{"_exactmetrics_skip_tracking":false,"_exactmetrics_sitenote_active":false,"_exactmetrics_sitenote_note":"","_exactmetrics_sitenote_category":0,"footnotes":""},"class_list":["post-77","page","type-page","status-publish","hentry"],"_links":{"self":[{"href":"https:\/\/chemin-fer-baie-saint-brieuc.fr\/wordpress\/wp-json\/wp\/v2\/pages\/77","targetHints":{"allow":["GET"]}}],"collection":[{"href":"https:\/\/chemin-fer-baie-saint-brieuc.fr\/wordpress\/wp-json\/wp\/v2\/pages"}],"about":[{"href":"https:\/\/chemin-fer-baie-saint-brieuc.fr\/wordpress\/wp-json\/wp\/v2\/types\/page"}],"author":[{"embeddable":true,"href":"https:\/\/chemin-fer-baie-saint-brieuc.fr\/wordpress\/wp-json\/wp\/v2\/users\/1"}],"replies":[{"embeddable":true,"href":"https:\/\/chemin-fer-baie-saint-brieuc.fr\/wordpress\/wp-json\/wp\/v2\/comments?post=77"}],"version-history":[{"count":1,"href":"https:\/\/chemin-fer-baie-saint-brieuc.fr\/wordpress\/wp-json\/wp\/v2\/pages\/77\/revisions"}],"predecessor-version":[{"id":78,"href":"https:\/\/chemin-fer-baie-saint-brieuc.fr\/wordpress\/wp-json\/wp\/v2\/pages\/77\/revisions\/78"}],"wp:attachment":[{"href":"https:\/\/chemin-fer-baie-saint-brieuc.fr\/wordpress\/wp-json\/wp\/v2\/media?parent=77"}],"curies":[{"name":"wp","href":"https:\/\/api.w.org\/{rel}","templated":true}]}}